the units digit of w?
6
Let j(y) = 10*y. Let d be j(-1). Let f be 1 + (3588/15 - 8/d). Let l = -148 + f. What is the units digit of l?
3
Let j = -200 - -212. Suppose 2*w = -i + 452, 5*i - 13*w - 2238 = -j*w. What is the units digit of i?
8
Let u(h) = h**2 + 99*h + 3539. What is the hundreds digit of u(0)?
5
What is the units digit of (1052306 + 4)/21 + 17?
7
Suppose 3*c + 2*z = 219, -4*c = -2*z - 0*z - 306. Let g = c + -31. Suppose -p + 3*w = -0*w - g, 3*p - 5*w - 120 = 0. What is the units digit of p?
5
Let s be 9333/15 + (-54)/45. Let j = 1300 - s. What is the tens digit of j?
7
Let x(g) = g**3 + 10*g**2 + 1839. Let y be (-3 - (-2 + -1))/1. What is the thousands digit of x(y)?
1
Suppose 774727 + 449223 + 1543169 = 111*z. What is the tens digit of z?
2
Suppose 4*s - 8*s + 3*u = -2181, 3*s - 3*u - 1635 = 0. Let q = -407 + s. What is the units digit of q?
9
Let t(k) = 518*k + 254. What is the thousands digit of t(9)?
4
What is the tens digit of (2157 + -1)*-1*((-18 - -21) + -9)?
3
Suppose -4*v + i = -2221, -3*i = -2*v - v + 1659. Let l = v - 318. Let k = -138 + l. What is the tens digit of k?
0
Suppose 7*u - 42366 = -2*j, 17*j + 3*u + 105874 = 22*j. What is the ten thousands digit of j?
2
Let p(q) = -q**3 + 10*q**2 + 5*q - 7. Let c be p(6). Let y = -374 + 423. Let k = c - y. What is the units digit of k?
8
Let j = 24459 + -13731. What is the tens digit of j?
2
Suppose -9*d + 83 = -16. Suppose v - 7 = 2*q, 0*q + d = 3*v - q. Suppose 6 = v*y, -n + y = -45 - 23. What is the units digit of n?
0
Let y(l) = -l**3 - 13*l**2 + 16*l + 39. Let r be y(-15). Suppose 4*d - r = -45. What is the units digit of d?
1
What is the tens digit of (151118/(-66))/((-2)/(-12)*-2) - -1?
7
Suppose -3*u + 60435 = -y - 29299, -2*u + 2*y = -59828. What is the tens digit of u?
1
Let v(d) be the second derivative of -d**3/3 + 33*d**2/2 - 12*d. Let w be v(14). What is the units digit of 378/w - (-30)/75?
6
Let c = 61 - 57. Suppose -2*m + 4*m + 5*x = 28, -2*x + c = 0. Suppose m = 3*h, j - 2*j - 2*h + 134 = 0. What is the hundreds digit of j?
1
Let d be (5 - (4 - -11))/(2/245). Let i be d/15 - 2/(-3). What is the units digit of 1 - (i + -4) - 2?
4
Suppose 4*x - 4*g - 111052 = 0, 0 = -x + 4*g + 26033 + 1733. What is the ten thousands digit of x?
2
What is the hundreds digit of -1 + 781025/63 + (-5)/((-225)/(-10))?
3
Suppose -k + 2*k = 67070. What is the hundreds digit of k/150 + (-2)/15?
4
Suppose 0 = 5*a + 6 - 16. Suppose p + 0*p - 164 = 0. Suppose -a*n - 4*d = -p, 3*n - 4*d = -n + 316. What is the tens digit of n?
8
Let w(d) = d**2 + 7*d + 17. Let p be w(-4). Suppose 369 = 4*j + p*u - 175, 5*j - 2*u = 647. What is the units digit of j?
1
Let x = 534 - -810. Suppose -4*a = -4*z + x, -574 = -2*z - a + 107. What is the tens digit of z?
3
Let j(z) = -z**3 + 23*z**2 + 24*z + 25. Let r be (6/21)/(13/1092). What is the units digit of j(r)?
5
Suppose 5*u + 3*l + 4 = 0, -5*u - l - 3 = -5. Let w = 1 - u. Suppose -4*z + 0*z - 4*a + 280 = w, -4*a + 76 = z. What is the tens digit of z?
6
Suppose -118*l + 282777 = 248030 - 1444383. What is the hundreds digit of l?
5
Let b(n) = -97*n + 57. Let x(d) = 193*d - 116. Let q(g) = -13*b(g) - 6*x(g). What is the hundreds digit of q(13)?
2
Let i = 17136 + -7633. What is the hundreds digit of i?
5
Let m(k) be the third derivative of k**5/30 + k**4/8 + 45*k**3/2 - 26*k**2 + k. What is the thousands digit of m(28)?
1
Suppose -9799 + 1572 - 9451 = -h. What is the hundreds digit of h?
6
Let m(n) = n**2 - n + 1. Let f(w) = -47*w**2 + 3*w - 23. Let a(g) = -f(g) - 4*m(g). What is the hundreds digit of a(5)?
0
Suppose 8 = 926*b - 924*b. Suppose a = -5*p + 2575, -5*a + 1562 = b*p - 498. What is the hundreds digit of p?
5
Let a(c) = 308*c**2 - 251*c + 3248. What is the units digit of a(14)?
2
Suppose -211 = k - 953. Suppose 16*n + k = 18*n. What is the hundreds digit of n?
3
Let m(d) = -d**3 + 23*d**2 + 27*d + 161. What is the thousands digit of m(18)?
2
Suppose 2*n - 100 = 5*z, -31*n - 200 = -35*n + 2*z. What is the tens digit of n?
5
Let x = 419 + -401. Suppose -670 = 17*z - x*z - 3*r, 4*z + 4*r = 2688. What is the tens digit of z?
7
Let r = -2250 - -3985. Suppose 6*b = 11*b - r. What is the units digit of b?
7
Let x be (18 - 2 - 6) + -4. Suppose -3*h - x*h = -36. What is the units digit of h?
4
Suppose -472 = -2*p + 5*t, -t = -4*p + p + 682. Suppose 218*x = p*x - 5936. What is the hundreds digit of x?
7
Let y = 11330 - -14576. What is the ten thousands digit of y?
2
Let i(w) = -527*w + 25. Let b be i(-5). Suppose 4*g - 2*n = b, -n - 664 = -g - 0*n. What is the tens digit of g?
6
What is the tens digit of (-21474)/(-3) + (-1 - (17 + -25))?
6
Let c be 2*(-1137)/5*(-1000)/150. Suppose -3*k = 4*u - c, 4*u - 5*k - 3790 = -758. What is the units digit of u?
8
Let q = 598 + -51. Suppose 7843 = 10*w - q. What is the hundreds digit of w?
8
Suppose -2*b + 402 = 2*q, 5*b + 0*b = 3*q + 973. What is the hundreds digit of 24/(-12) + b + 0?
1
Let q(n) = 161*n**2 - 18*n - 148. What is the ten thousands digit of q(-9)?
1
Suppose 7 = l, -4*j - 1587*l = -1588*l - 90801. What is the ten thousands digit of j?
2
Let y = -15 - -17. Let t be (y + -3)*(-1 + (2 - 0)). What is the hundreds digit of (-2 + 58/(-8))/(t/12)?
1
Let l = 9463 - 5557. What is the tens digit of l?
0
Let f be 3 + 0*(-5)/(-10). Let k(r) = -3*r**2 + 1 + 0*r**3 - 7*r + 11 + r**f. What is the tens digit of k(5)?
2
Suppose -4*d + 167 = 5*o, 4*o + 6 - 2 = 0. Let n = d + -76. Let f = n - -37. What is the units digit of f?
4
Let j(l) = 7 - 56*l - 72 - 182. What is the hundreds digit of j(-16)?
6
Let u = 13490 - 11156. What is the units digit of u?
4
Suppose -2*n = 3*y - 11, -y + 5*n = 4*n - 2. Suppose -5*j + 30 = 4*r + 1, 0 = y*j - 15. What is the tens digit of r/(-3) + (-1355)/(-15) + -5?
8
Suppose 3*l - 4*a - 4965 = 0, -4*l = -0*a + 5*a - 6651. Suppose 9*z - 8*z = -t + 414, -4*z - t + l = 0. What is the units digit of z?
5
Suppose 2*m + 2*m = 3*j - 537, 3 = j. Let h(c) = -290*c - 1177. Let v be h(-3). Let r = m - v. What is the tens digit of r?
7
Let l(g) be the third derivative of 2*g**4/3 - 4*g**3/3 - 24*g**2. Let m be l(3). Let q = 45 - m. What is the units digit of q?
5
Suppose -141*n = -156*n + 92070. What is the thousands digit of n?
6
Let v be (3 + -3)*(-1 - -3 - 1). Suppose v = 2*l + 3*y - 15, -5*y - 1 = -16. Suppose -2*h + h = -4*p - 89, 3*h + l*p - 222 = 0. What is the tens digit of h?
7
Suppose 0 = -a + 4*l + 3428, 5*a - 16174 = -5*l + 1066. Suppose 5*g - a = 7*x - 11*x, 2*g = -5*x + 4322. What is the units digit of x?
6
Let j(t) = 2*t**3 - 3*t**2 + t - 3. Let f be j(3). Suppose f*l = 35*l - 5136. Suppose -5*q = 2*x - l, -4*q + 3*q + 124 = -4*x. What is the units digit of q?
8
Let a = 23721 - 12927. What is the hundreds digit of a?
7
Let q(y) = -93*y + 6099. What is the tens digit of q(0)?
9
Suppose 141659 = -8*j - 4*j + 61*j. What is the tens digit of j?
9
Let s(b) be the third derivative of -b**6/120 + b**5/60 - b**3/2 + 10*b**2. Let n be s(-3). Let u = 173 - n. What is the units digit of u?
0
What is the thousands digit of (-15 - 198/(-12))/(4/(88192/3))?
1
Let x(q) = 6*q**3 + 5*q**2 - 24*q - 15. Let w be 6 + (-1)/(-9 + 10). What is the units digit of x(w)?
0
Let n = -9419 - -50178. What is the hundreds digit of n?
7
Suppose 4*c + 5 = 3*r + 68, r + 31 = 2*c. Let v be c/(-3)*4/(-4). Suppose v*x - 251 + 6 = 0. What is the tens digit of x?
4
Let o(x) = -x + 2. Let d be o(5). Let g(p) = -284*p - 18. What is the units digit of g(d)?
4
Let p = 47201 + -17195. What is the hundreds digit of p?
0
What is the ten thousands digit of 33744 - (-6 + (-9)/(90/(-50)))?
3
Let i = 46 - 45. Let n(s) = 5*s**2 - 5*s + 3. Let q be n(i). Suppose -3*y + 12 = f, f + q*y + y - 11 = 0. What is the units digit of f?
5
Let b be -8 + 3/(24/155680). Suppose b = 356*i - 344*i. What is the thousands digit of i?
1
Let z be 3/7 - (-6)/((-210)/26335). Let m = z - -1146. What is the units digit of m?
4
Let b(m) = -4*m + 5*m + 3 + 3*m. Let u be b(0). Suppose 3*x - 186 = -u*p, 2 = 5*x - 8. What is the tens digit of p?
6
Suppose -u + 95378 = 3*n, -20*n + 19*n = 3*u - 31798. What is the thousands digit of n?
1
Suppose 20523 = 4*u + 3*k, -62*u = -64*u + 3*k + 10239. What is the hundreds digit of u?
1
Suppose l + 1 - 3 = 0. Suppose 0 = -y +